ase 8, what is 12 + 12?
24
In base 10, what is 0 + 38?
38
In base 5, what is -32231 + -2?
-32233
In base 7, what is 12201 + -5?
12163
In base 15, what is -2305 - -2?
-2303
In base 14, what is -2 - -a90?
a8c
In base 3, what is -21102112 - 2?
-21102121
In base 2, what is 1 + 11100101?
11100110
In base 14, what is -1461 - 2?
-1463
In base 14, what is 6 - -9?
11
In base 2, what is 1 - 1010011011?
-1010011010
In base 15, what is 76 + -c?
69
In base 11, what is 27 - -3?
2a
In base 8, what is 4 - 131?
-125
In base 16, what is -3 + -71?
-74
In base 7, what is 23 + 5?
31
In base 12, what is 303 + -2?
301
In base 14, what is -68 - 17?
-81
In base 14, what is 2c - -4?
32
In base 8, what is 1447 - -2?
1451
In base 4, what is -133 - 32333?
-33132
In base 13, what is 31 - 2?
2c
In base 4, what is 10011 - -21?
10032
In base 3, what is 22001 + 21?
22022
In base 8, what is -4 + -2011?
-2015
In base 2, what is -101010 + 100001010?
11100000
In base 9, what is 0 - -5303?
5303
In base 13, what is 2b - 7?
24
In base 11, what is -2 - -1a?
18
In base 6, what is 3401 + 5?
3410
In base 12, what is -2 - 148?
-14a
In base 3, what is -11 + -201202?
-201220
In base 2, what is 101 - -10011010?
10011111
In base 5, what is -224 - -3?
-221
In base 16, what is 6 + -39?
-33
In base 8, what is -1566 - -3?
-1563
In base 7, what is 1 - 1024?
-1023
In base 16, what is 452 + 2?
454
In base 9, what is 3 - 114?
-111
In base 11, what is 71 + 17?
88
In base 16, what is -1053 + 2?
-1051
In base 3, what is -101 + 220?
112
In base 3, what is 1011 + -20?
221
In base 3, what is -121200 + -12?
-121212
In base 12, what is -3 - 102?
-105
In base 13, what is -3 + -26?
-29
In base 11, what is 128a - 5?
1285
In base 6, what is 25 + 151?
220
In base 5, what is -210 + -204?
-414
In base 5, what is 4 - -23?
32
In base 4, what is -13 + 3?
-10
In base 6, what is -55 + 0?
-55
In base 5, what is 221 + -40?
131
In base 7, what is -1 + 141?
140
In base 4, what is -10 - 1110?
-1120
In base 13, what is -3c + -8?
-47
In base 14, what is -3 - -2d?
2a
In base 14, what is a3 - -2a?
cd
In base 12, what is -127 - 14?
-13b
In base 14, what is 3 + -65?
-62
In base 10, what is -2 + -44?
-46
In base 6, what is -43 - -4?
-35
In base 10, what is 438 + 5?
443
In base 4, what is -20 + 30012?
23332
In base 10, what is 294 - 4?
290
In base 2, what is -10010010 + 101?
-10001101
In base 12, what is 1193 - -10?
11a3
In base 5, what is 134 + 311?
1000
In base 8, what is 16 + 115?
133
In base 3, what is 1020011200 + 12?
1020011212
In base 11, what is 6 + 129?
134
In base 10, what is -1 - 282?
-283
In base 10, what is -7 + 39?
32
In base 5, what is 110 + 13?
123
In base 4, what is -1 + 3201?
3200
In base 14, what is -1 + -aa0?
-aa1
In base 15, what is 3 + -24?
-21
In base 5, what is 10 - -11?
21
In base 11, what is -6 + -5?
-10
In base 11, what is 395 - -6?
3a0
In base 5, what is -141 - 234?
-430
In base 3, what is -2001 + 122?
-1102
In base 13, what is -138 - -2?
-136
In base 11, what is -a + 5?
-5
In base 12, what is -1 - a?
-b
In base 3, what is 10 + 1211?
1221
In base 5, what is -10 - -2420?
2410
In base 14, what is -52 + -8?
-5a
In base 15, what is 5 + -5c7?
-5c2
In base 15, what is 28 + 2?
2a
In base 11, what is -2 - -150?
149
In base 8, what is -10 + 173?
163
In base 15, what is -29 + -93?
-bc
In base 12, what is -4 + 6?
2
In base 3, what is 1 + 22?
100
In base 7, what is 0 - -50?
50
In base 8, what is -1 - 171?
-172
In base 9, what is 1 + 2608?
2610
In base 7, what is -14 + -56?
-103
In base 8, what is 46 - 31?
15
In base 7, what is 34 - -65?
132
In base 2, what is -100 + 1111011001?
1111010101
In base 3, what is 11 - 1021202?
-1021121
In base 12, what is 368 - 2?
366
In base 2, what is -100101 - 101?
-101010
In base 7, what is 2304 + -1?
2303
In base 12, what is 4 + -1506?
-1502
In base 15, what is -ed - 5?
-103
In base 4, what is -111 - 21320?
-22031
In base 9, what is 23 + -6?
16
In base 12, what is 2 - 8b9?
-8b7
In base 3, what is 11 - -2100?
2111
In base 2, what is -1100 - -10100?
1000
In base 5, what is -3 + -42232?
-42240
In base 10, what is 7288 + 4?
7292
In base 6, what is -21135 + 3?
-21132
In base 3, what is -2000 - -102202?
100202
In base 8, what is -7 + 101?
72
In base 4, what is 121 + -3210?
-3023
In base 13, what is -57 - 0?
-57
In base 10, what is -4 + -75?
-79
In base 6, what is 1104 + 5?
1113
In base 10, what is 2 - 185?
-183
In base 15, what is 5 - 12?
-c
In base 6, what is -553 + -13?
-1010
In base 13, what is 0 - 63?
-63
In base 8, what is -33 + 0?
-33
In base 13, what is 11 + -6b?
-5a
In base 8, what is -3 - 103?
-106
In base 10, what is -5 - -75?
70
In base 12, what is -1 + 1b?
1a
In base 8, what is -41 - 127?
-170
In base 4, what is -31 + 102?
11
In base 6, what is 2351 + -1?
2350
In base 6, what is 2 + 2525?
2531
In base 8, what is -4 + -2223?
-2227
In base 10, what is -30 + 11?
-19
In base 12, what is -2 + -170?
-172
In base 15, what is 449 + -3?
446
In base 10, what is 24 - -33?
57
In base 11, what is a - 8?
2
In base 3, what is -10 + 2220?
2210
In base 5, what is 4 - 100421?
-100412
In base 11, what is -4 - -3?
-1
In base 16, what is -25d - -1?
-25c
In base 10, what is 53 - -2?
55
In base 15, what is -4 + -bd4?
-bd8
In base 8, what is -14 - -15?
1
In base 8, what is 26 - 0?
26
In base 2, what is -101 + 10001000010011?
10001000001110
In base 15, what is 1 + -591?
-590
In base 11, what is 5 + 32?
37
In base 7, what is -305 + -6?
-314
In base 14, what is -2 + -66?
-68
In base 13, what is 12 + -3?
c
In base 11, what is -6 + 88?
82
In base 2, what is 1101101000 - -100?
1101101100
In base 2, what is -101 - 11110?
-100011
In base 10, what is -707 + -2?
-709
In base 9, what is -471 - 1?
-472
In base 2, what is 110111001 + 1010?
111000011
In base 7, what is 2223 + -2?
2221
In base 7, what is -31602 - -1?
-31601
In base 4, what is -101 - 103?
-210
In base 8, what is -30 - -255?
225
In base 16, what is 5 - 13a?
-135
In base 12, what is -3a + 9?
-31
In base 6, what is 342214 - -1?
342215
In base 14, what is 83 + 3?
86
In base 5, what is -3041 - 124?
-3220
In base 4, what is 323 - -10?
333
In base 14, what is -4 - -65?
61
In base 5, what is -2 - -1333?
1331
In base 4, what is 1131 + 33?
1230
In base 10, what is -4 - 27?
-31
In base 14, what is -920 - 2?
-922
In base 2, what is 10100 + 1010?
11110
In base 4, what is -113 - -2012?
1233
In base 16, what is 88 - 2d?
5b
In base 12, what is 21 + 16?
37
In base 15, what is -bd - 3?
-c1
In base 9, what is 7 - -261?
268
In base 11, what is 9 - 63a?
-631
In base 16, what is -39 - 2?
-3b
In base 11, what is 4 + 78?
81
In base 6, what is 2430 - 5?
2421
In base 15, what is -59 + 1b?
-3d
In base 10, what is 1 - -7356?
7357
In base 16, what is -41 + 11?
-30
In base 4, what is -2023 - 3?
-2032
In base 2, what is -10000001000 + -1?
-10000001001
In base 4, what is 30131 - -1?
30132
In base 5, what is 10433 + 10?
10443
In base 10, what is -1 + -240?
-241
In base 10, what is -2281 + 1?
-2280
In base 14, what is 3da + -3?
3d7
In base 15, what is -3 - 115?
-118
In base 6, what is -2 - -5554?
5552
In base 12, what is 5 - 36?
-31
In base 13, what is 222 + 3?
225
In base 6, what is 2 + -144?
-142
In base 16, what is 2 - -381?
383
In base 11, what is -2a - 7?
-36
In base 15, what is -1a + -5d?
-78
In base 5, what is 11412 + 0?
11412
In base 9, what is -5 + -415?
-421
In base 14, what is -2 + -2810?
-2812
In base 7, what is -223 - 0?
-223
In base 11, what is -3 - 62?
-65
In base 13, what is 0 + 1539?
1539
In base 9, what is 2 + -64?
-62
In base 7, what is -1 + 561?
560
In base 12, what is 99 + 10?
a9
In base 10, what is 1 - -515?
516
In base 10, what is 1 - -42?
43
In base 10, what is -2 - -42?
40
In base 5, what is 2102 - 11?
2041
In base 8, what is -5 - -13363?
13356
In base 2, what is 111 + 110100?
111011
In base 4, what is -11112 + -2?
-11120
In base 11, what is -623 - 0?
-623
In base 13, what is -228 - 42?
-26a
In base 7, what is 4 + 44?
51
In base 5, what is -112 - -203?
41
In base 13, what is 13b02 - -5?
13b07
In base 2, what is 1111 + 1101?
11100
In base 12, what is -13a - -2?
-138
In base 2, what is -111101110000 + -100?
-111101110100
In base 14, what is 39 + -6?
33
In base 5, what is 30 + -4034?
-4004
In base 10, what is -1108 + -5?
-1113
In base 2, what is -1110101 + 1